{"id":342,"date":"2014-11-05T15:44:41","date_gmt":"2014-11-05T15:44:41","guid":{"rendered":"http:\/\/winadual.de\/?page_id=342"},"modified":"2018-10-10T06:51:06","modified_gmt":"2018-10-10T06:51:06","slug":"3-card-blind","status":"publish","type":"page","link":"https:\/\/winadual.de\/?page_id=342","title":{"rendered":"3-Card Blind"},"content":{"rendered":"<h1><\/h1>\n<p>Jeder Teilnehmer gibt geheim seine Decklist ab. Die\u00a0Ergebnisse werden dann anhand eines Turniers, wo jedes Deck gegen jedes andere Deck spielt kalkuliert. Jede Kombination spielt zwei Matches, einmal &#8222;on the play&#8220; und einmal &#8222;on the draw&#8220;. Es werden wie \u00fcblich 3 Punkte f\u00fcr einen Sieg und 1 Punkt f\u00fcr ein Unentschieden vergeben. Das Deck mit den meisten Punkten gewinnt.<\/p>\n<p>Die Teilnehmer geben nur die Decks ab, spielen jedoch nicht selbst. Die gesamte Auswertung wird vom Veranstalter gemacht, da der Ausgang jedes Matches immer eindeutig ist.<\/p>\n<p>Der Grund, warum das funktioniert, sind die Regeln:<br \/>\n&#8211; Ein Deck besteht aus genau drei Karten<br \/>\n&#8211; Jeder beginnt das Spiel mit allen Karten in seiner Hand<br \/>\n&#8211; Jeder spielt mit seiner Hand offen<br \/>\n&#8211; Spieler verlieren das Spiel nicht, wenn sie keine Karten ziehen k\u00f6nnen<br \/>\n&#8211; Zuf\u00e4llige Effekte (z.B. M\u00fcnzwurf) haben immer den Effekt, der f\u00fcr den Gegner des Spielenden am positivsten ist<\/p>\n<p>Die Banlist des Formats versucht, 1st-turn-kills und besonders heftige oder schwer zu st\u00f6rende Kombinationen auszugrenzen, um es interessanter zu machen.<br \/>\nNach jedem Turnier wird jede Karte der Decks mit den meisten Punkten auf die Banlist gesetzt, so dass es jedes Mal andere Decks zu erfinden gilt.<\/p>\n<p>Die Banlist sieht bei uns wie folgt aus:<\/p>\n<p>Abandon Hope<br \/>\nAncient Tomb<br \/>\nBalance<br \/>\nBarren Glory<br \/>\nBayou<br \/>\nBlack Lotus<br \/>\nBlackmail<br \/>\nCabal Therapy<br \/>\nChancellor of the Annex<br \/>\nCity of Traitors<br \/>\nCoercion<br \/>\nCompulsive Research<br \/>\nDark Depths<br \/>\nDeathrite Shaman<br \/>\nDryad Arbor<br \/>\nDuress<br \/>\nEnsnaring Bridge<br \/>\nFiend Hunter<br \/>\nForce of Will<br \/>\nForm of the Dragon<br \/>\nGhost Quarter<br \/>\nGlacial Chasm<br \/>\nIcatian Store<br \/>\nLaboratory Maniac<br \/>\nLeonin Squire<br \/>\nLeyline of Anticipation<br \/>\nLion\u2019s Eye Diamond<br \/>\nLupine Prototype<br \/>\nMagus of the Moon<br \/>\nMeddling Mage<br \/>\nMesmeric Fiend<br \/>\nMishra&#8217;s Workshop<br \/>\nNezumi Shortfang<br \/>\nPulse of the Dross<br \/>\nRestore Balance<br \/>\nScalding Tongs<br \/>\nShelldock Isle<br \/>\nShow and Tell<br \/>\nSlippery Bogle<br \/>\nStrip Mine<br \/>\nThe Rack<br \/>\nThespian&#8217;s Stage<br \/>\nThoughtseize<br \/>\nUlamog, the Infinite Gyre<br \/>\nWasteland<\/p>\n<p>Au\u00dferdem sind alle Decks verboten, die eines der folgenden Kriterien erf\u00fcllen:<\/p>\n<p>Decks, die in der Lage sind, in der ersten Runde zu gewinnen<br \/>\nDecks, die in der Lage sind, den Gegner mehr als eine Handkarte pro Runde abwerfen zu lassen (Hymn to Tourach, etc)<\/p>\n<p>&nbsp;<\/p>\n<h2>FAQ:<\/h2>\n<p><strong>Kann ich am Win A Dual teilnehmen und gleichzeitig 3-Card Blind spielen?<\/strong><br \/>\nDas Event l\u00e4uft parallel, es werden keine Matches gespielt, sondern diese nur vom Veranstalter ausgewertet, da durch die Regeln immer klar ist, ob es einen Sieger gibt, oder nicht. Daher kann jeder teilnehmen, auch wenn er im Main Event spielt.<\/p>\n<p><strong>Muss ich die Karten besitzen, aus denen mein Deck besteht?<\/strong><br \/>\nNein, da \u00fcberhaupt keine Karten verwendet werden. Das gesamte Turnier wird nur anhand der Decklisten ausgespielt.<\/p>\n<p><strong>Wie viele Lebenspunkte hat man in diesem Format? Wie sieht es mit Giftmarken aus?<\/strong><br \/>\nSpieler haben normale 20 Leben und verlieren, wenn sie 10 Giftmarken haben.<\/p>\n<p><strong>Wie viele L\u00e4nder darf ich spielen?<\/strong><br \/>\nDa L\u00e4nder auch zu den maximal drei Karten des Decks geh\u00f6ren, darf man maximal 3 L\u00e4nder spielen. Das gesamte Deck hat also genau drei Karten, inklusive L\u00e4ndern.<\/p>\n<p><strong>Wie viele Black Lotuse darf ich spielen?<\/strong><br \/>\nEs gibt nur eine Banlist, keine Restricted List. 2x Mox Jet ist also erlaubt! (Eine Win Condition solltest Du aber trotzdem spielen ^^)<\/p>\n","protected":false},"excerpt":{"rendered":"<p>Jeder Teilnehmer gibt geheim seine Decklist ab. Die\u00a0Ergebnisse werden dann anhand eines Turniers, wo jedes Deck gegen jedes andere Deck spielt kalkuliert. Jede Kombination spielt zwei Matches, einmal &#8222;on the play&#8220; und einmal &#8222;on the draw&#8220;. Es werden wie \u00fcblich 3 Punkte f\u00fcr einen Sieg und 1 Punkt f\u00fcr ein Unentschieden vergeben. Das Deck mit [&hellip;]<\/p>\n","protected":false},"author":1,"featured_media":0,"parent":0,"menu_order":0,"comment_status":"open","ping_status":"open","template":"","meta":{"footnotes":""},"class_list":["post-342","page","type-page","status-publish","hentry"],"_links":{"self":[{"href":"https:\/\/winadual.de\/index.php?rest_route=\/wp\/v2\/pages\/342","targetHints":{"allow":["GET"]}}],"collection":[{"href":"https:\/\/winadual.de\/index.php?rest_route=\/wp\/v2\/pages"}],"about":[{"href":"https:\/\/winadual.de\/index.php?rest_route=\/wp\/v2\/types\/page"}],"author":[{"embeddable":true,"href":"https:\/\/winadual.de\/index.php?rest_route=\/wp\/v2\/users\/1"}],"replies":[{"embeddable":true,"href":"https:\/\/winadual.de\/index.php?rest_route=%2Fwp%2Fv2%2Fcomments&post=342"}],"version-history":[{"count":10,"href":"https:\/\/winadual.de\/index.php?rest_route=\/wp\/v2\/pages\/342\/revisions"}],"predecessor-version":[{"id":1285,"href":"https:\/\/winadual.de\/index.php?rest_route=\/wp\/v2\/pages\/342\/revisions\/1285"}],"wp:attachment":[{"href":"https:\/\/winadual.de\/index.php?rest_route=%2Fwp%2Fv2%2Fmedia&parent=342"}],"curies":[{"name":"wp","href":"https:\/\/api.w.org\/{rel}","templated":true}]}}